 - z - 7. Give y(f).
-7
Let f(c) be the second derivative of -1/2*c**3 + 4*c**2 - 258*c + 0. Let w(r) = 5*r + 1. Let b be w(1). Determine f(b).
-10
Let a(d) = 9*d**2 - d - 1. Let k = 40 + -20. Let z = k - 6. Let m(r) = r**2 - 13*r - 15. Let b be m(z). What is a(b)?
9
Let a(n) be the first derivative of -n**4/4 - 10*n**3/3 - 6*n**2 + 14*n - 3662. What is a(-8)?
-18
Suppose 4*n + 3*m = 27, -5*n + 5*m = -0*n + 10. Let z be (2 + n - -2) + -3. Let b(s) = -7*s + 2. Let w(f) = 1. Let h(d) = b(d) + 2*w(d). Determine h(z).
-24
Let w(a) be the second derivative of -44 + 5/12*a**4 - 1/20*a**5 - 1/2*a**3 + 3/2*a**2 - 2*a. What is w(4)?
7
Let f(r) = -r**2 - 7*r - 6. Let x(w) = w**2 + 14*w + 57. Suppose -9 = -11*s + 12*s. Let h be x(s). Let q be (-4*h/(-40))/((-2)/10). What is f(q)?
0
Suppose 4*n = -0*v - 3*v + 11, 2*n = -4*v + 8. Suppose 0 = 2*s - n*b, s + 0*s - 16 = -3*b. Let d(r) = -r**3 + 5*r**2 - 7*r + 4. What is d(s)?
-8
Suppose 0 = 2*v + 10, -17*u = -20*u - 3*v. Suppose 3 = -u*x + 58. Let w(y) = y**2 - 12*y + 11. What is w(x)?
0
Suppose -v + 2*c - 4 = -7, 0 = 2*v + 3*c + 15. Let a(p) = 18*p + 14. Give a(v).
-40
Let z(s) be the third derivative of 23*s**4/8 - 193*s**3/6 - s**2 - 36*s + 1. What is z(3)?
14
Let z(d) = -4*d**2 - d - 1. Let a = 70 - 70. Suppose -4*g + 9*g - 5 = a. Let b be z(g). Let l(k) = k**3 + 5*k**2 - 7*k + 2. Determine l(b).
8
Let h(a) = -51*a - 15*a + 76*a - 15*a - 42. Give h(-5).
-17
Suppose 0 = -14*p + 177 + 33. Let q(t) = -p - 22*t + 18*t + 17. Give q(-2).
10
Let l(m) = m**2 - 6*m - 40. Suppose 4*p - 3*g - 32 = -g, -30 = -p - 5*g. Let f be l(p). Let d(y) = -y**3 - y + 3. What is d(f)?
3
Suppose 6*t - 167 = 283. Let h be t/9 + -9 + 34/(-3). Let k(j) = j**3 + 11*j**2 - 12*j + 10. Give k(h).
10
Let h be (2 - (-28)/(-8))/(((-51)/8)/17). Let y(t) = t**3 - 10*t**2 + 30*t - 21. Calculate y(h).
3
Let j(m) = 363*m + 736. Let c(o) = 181*o + 347. Let w(g) = 9*c(g) - 4*j(g). Give w(-1).
2
Let m be 2456/(-16) - 2/(-4). Let u = m - -155. Let q(x) = -x**3 + 3*x**2 - 3*x + 1. What is q(u)?
-1
Let b(h) be the first derivative of h**6/360 - h**5/120 - h**4/8 - 17*h**3/3 - 3*h**2/2 + 22. Let d(a) be the third derivative of b(a). Determine d(-4).
17
Let q = 6585 + -6579. Let x(s) be the third derivative of -s**5/60 + s**4/4 + s**3 + 2*s**2. What is x(q)?
6
Let y(l) = 2*l**2 + 9*l - 5. Let c be y(-5). Let v(j) = -2 + j - j + c*j + j. Let n be (9/(-9))/((-1)/(-8)). Determine v(n).
-10
Suppose -14 - 2 = 2*m. Let i(r) be the third derivative of 9*r**2 + 0*r + 0 - 1/60*r**5 + 5/3*r**3 - 7/24*r**4. Calculate i(m).
2
Suppose -33*u - 61 = -127. Let j(m) = 5*m**2 - 6*m - 2. Determine j(u).
6
Let j = 40192 - 40192. Let a(u) be the second derivative of j + 6*u + 5/6*u**3 + 0*u**2. Give a(-4).
-20
Suppose 4*t - 1 - 20 = -3*c, 5*t + 28 = 4*c. Let p be 2/c + (-7)/(98/(-136)). Suppose 5*v + p = -0. Let k(m) = m**2 + 5*m + 2. Determine k(v).
-4
Let k(t) = t**2 - 2*t - 4. Let j be k(-2). Suppose -3 - 1 = j*o. Let f(d) = 24*d + 1 - 10*d - 9*d. Give f(o).
-4
Let n(p) = -2 - 27*p - 3*p**2 - 1 - 25*p - 1 - 27*p + 75*p. Let b = 4 + -8. Determine n(b).
-36
Suppose 0 = 4*a - 2 - 6. Let u(o) = o**2 + 6*o + 11. Let g be u(-3). Let j(s) = g*s**2 - 1 - s + 16 - 16. Determine j(a).
5
Let w(s) = -s + 2. Suppose -a - 150 = a. Let h be (0/11 + (-6)/9)*915. Let z be h/a - (-10)/(-75). Calculate w(z).
-6
Let w(t) = 16*t**2 - 3*t - 2. Let y = 694 + -637. Suppose -y*a = -11*a + 46. Calculate w(a).
17
Let x(n) = -5*n**3 - 6*n**2 - 2*n - 7. Let l(o) = -o**3 - o + 2. Let f(u) = -4*l(u) + x(u). Calculate f(-7).
20
Let k(d) = -5*d**2 - 13*d - 22. Let m(o) = -4*o**2 - 10*o - 19. Let j(q) = -3*k(q) + 4*m(q). Let h = 6 + -6. What is j(h)?
-10
Let h(m) = -m**2 + m - 3. Suppose -77 = j - 54. Let p(n) = 4*n + 95. Let q be p(j). What is h(q)?
-9
Let d(t) = 67*t**2 - 10*t - 40. Let h(q) = 50*q**2 - 4*q - 40. Let i(f) = 3*d(f) - 4*h(f). Give i(8).
-8
Let u(t) = -19277391*t + 3 + 19277396*t + 3 + 4*t**2. Calculate u(-2).
12
Let z(u) = -725*u - u**2 - 1 + u**2 + 4 - u**2 + 734*u. Determine z(6).
21
Let v(c) be the first derivative of -c**3 - 5*c**2/2 + 7*c + 4296. What is v(-3)?
-5
Let h be 521/13 + (1048/(-104) - -10). Let d be (-6)/(-3)*(-1 + -21). Let w = d + h. Let u(f) = -f**3 - 4*f**2 - 2*f + 1. Determine u(w).
9
Let p(y) be the first derivative of -y**4/4 - 4*y**3/3 + 3*y**2/2 + 3*y + 7929. Calculate p(-4).
-9
Let g(m) = -m**2 + 3*m - 2. Let h be g(2). Let w be -1 - ((0 - h) + -4). Let p(a) be the second derivative of 2*a**3/3 + 101*a + 2. What is p(w)?
12
Let y(l) be the second derivative of -1 + 1/3*l**3 - l**2 + 1/4*l**4 + 20*l. Calculate y(-3).
19
Suppose 3*s = s - 16. Let z(v) = -5*v**3 + 31*v**2 - 23*v - 24. Let j(u) = u**3 - 4*u**2 + 2*u + 3. Let c(b) = -6*j(b) - z(b). Give c(s).
-18
Suppose 22*n = -120*n + 1702 + 144. Let p(o) = 6*o - 98. Determine p(n).
-20
Let n(k) = -23*k + 55. Let b(m) = 21*m - 55. Let d(a) = -6*b(a) - 5*n(a). Let p be d(5). Let l(q) = -q**2 - 3*q - 3. Give l(p).
-3
Let y(g) = -3*g**2 - 9*g + 6. Let v(c) = -4*c**2 - 9*c + 9. Let d(q) = 2*v(q) - 3*y(q). Calculate d(-14).
70
Let g = -1280 + 1284. Let k(m) = 1 - m**2 + 31*m - 30*m + 2. Determine k(g).
-9
Let x(u) = -u**2 + 5 - 3*u + u**2 - 4 - 10*u**2. Let d(l) = -l**3 + 5*l**2 + 33*l - 115. Let c be d(3). Determine x(c).
-45
Let s(i) = 6*i + 134. Let b(r) = 18*r + 370. Let q(m) = -6*b(m) + 17*s(m). Give q(10).
-2
Let y(c) be the third derivative of -11*c**4/12 + 17*c**3/6 + 2*c**2 - 179*c. What is y(5)?
-93
Let g(z) = 3*z**3 + 15*z**2 - 13*z - 123. Let i(j) = -2*j**3 - 7*j**2 + 6*j + 73. Let q(h) = 3*g(h) + 5*i(h). Give q(10).
-94
Let f(c) = c**3 - 14*c**2 + 26*c - 19. Let v be f(12). Let u(h) = 5 - 6622*h + 3310*h + 3308*h + 6 - 3. Give u(v).
-12
Let w(u) = 22*u + 28. Let f(a) = -a**3 + 75*a**2 + 81*a - 375. Let h be f(76). What is w(h)?
138
Let r(k) be the third derivative of -k**5/60 + 5*k**4/24 - k**3/2 - k**2. Let c = -164 - -167. Suppose 0 = 5*v - c*v - 6. Determine r(v).
3
Let t = -7017 + 7006. Let x(y) = -y**2 - 14*y - 43. Give x(t).
-10
Suppose 0 = 5*u - 25, 5*u - 29 = -10*a + 6*a. Let d(k) = -2*k**2 + 4*k - 2. Calculate d(a).
0
Let u(v) = -21*v**3 - 3*v**2 + 2*v + 1. Let z(x) = -2*x**2 + 169*x + 1381. Let b be z(92). Give u(b).
-21
Let a(f) be the first derivative of f**2/2 - f + 360. Suppose 0 = -3*w - 4*h - 6, -2*w - 20 - 4 = -4*h. What is a(w)?
-7
Let j(n) be the second derivative of -n**5/20 - 13*n**4/6 + 13*n**3/3 - 14*n**2 - 2*n + 2. Let r be j(-27). Let h(p) = -20*p**2 + 1. Calculate h(r).
-19
Suppose 2*y + 16 - 22 = 0. Suppose 2 = y*i - 31. Let v(a) = -i*a**2 + 0*a**3 - a - 3 + 15 + a**3. Calculate v(11).
1
Let k(t) = -t**3 - 2*t**2 - 2*t - 1. Let r be 2964/(-14) + (-38)/133. Let w = -214 - r. What is k(w)?
3
Let f(h) = 27*h - 215. Let v be f(8). Suppose -u + 4*a = -19, 2*a = 3*u + v - 18. Let p(q) = -q**3 + q**2 + q + 2. Calculate p(u).
-13
Let k(c) = 2*c + c - 4 - 1. Suppose 120*w + 17*w - 245 = 303. Determine k(w).
7
Suppose 5*p = -11 + 36. Let z(r) = p*r - r + 1 - 10*r + 2*r. Let n(a) = -a**2 - 11*a + 183. Let j be n(9). Give z(j).
-11
Suppose -16 = -4*p + 4*b, -b - 4 = -8. Suppose -5*x + 2 = 4*v, -3*v = 2*x + 10 - p. Let o(i) be the second derivative of i**3/6 - i**2/2 + 6*i. Give o(x).
1
Suppose 9*m - 12 = 3*m. Let r(j) = 5*j + 386*j**2 + 20*j + 17 - 391*j**m. Let s(u) = u**2 - 6*u - 4. Let h(b) = -2*r(b) - 9*s(b). Determine h(-2).
-2
Let u(a) = a**2 - 5*a - 3. Let r be (-2)/(5 + -1)*0. Suppose -33*t + 28*t - 15 = r. Calculate u(t).
21
Let d(r) = -8*r**2 + 13*r - 2. Let y(a) be the first derivative of -4*a**3/3 + 5*a**2/2 - a - 192. Let n(i) = 2*d(i) - 5*y(i). Give n(2).
19
Let m(v) = 60*v**2 - 114*v**2 - 3 + 56*v**2. Let y(d) = 2*d**2 - d - 3. Let n(c) = 5*m(c) - 6*y(c). What is n(6)?
-33
Suppose 3*x - 16 - 17 = -3*y, 3*y = -2*x + 25. Suppose -h - 2*i + x = 0, -3*h - 3 = -i - 2*i. Suppose 8 = -r + h. Let o(v) = -v**2 - 8*v - 2. What is o(r)?
10
Let n(t) be the third derivative of 5*t**4/24 + 41*t**3/6 + 363*t**2 + t. What is n(-10)?
-9
Let d(r) be the second derivative of 23*r**3/3 + 32*r + 17. Determine d(-3).
-138
Let d = 27 - 37. Let b be 1 - (-3 + d/(-1)). Let c(l) = 4 - 3 - 3 - 5 + l. What is c(b)?
-13
Let v(f) = -4*f**3 - 17*f**2 - 5*f - 8. Suppose 452*u - 86*u - 483 = -1947. Give 